t is the remainder when 49613 is divided by 17?
7
Calculate the remainder when 25275 is divided by 8310.
345
What is the remainder when 42404 is divided by 257?
256
Calculate the remainder when 84630 is divided by 51.
21
Calculate the remainder when 16456 is divided by 90.
76
What is the remainder when 57087 is divided by 840?
807
Calculate the remainder when 3142 is divided by 757.
114
What is the remainder when 22343 is divided by 977?
849
What is the remainder when 12559 is divided by 80?
79
What is the remainder when 23753 is divided by 36?
29
Calculate the remainder when 26105 is divided by 78.
53
What is the remainder when 252278 is divided by 70?
68
What is the remainder when 3169 is divided by 465?
379
What is the remainder when 1031474 is divided by 172?
162
What is the remainder when 2160 is divided by 306?
18
What is the remainder when 4735 is divided by 70?
45
What is the remainder when 243965 is divided by 219?
218
What is the remainder when 7545 is divided by 1505?
20
What is the remainder when 201806 is divided by 127?
3
Calculate the remainder when 524897 is divided by 14580.
17
What is the remainder when 8284 is divided by 22?
12
Calculate the remainder when 820519 is divided by 292.
291
Calculate the remainder when 81448 is divided by 14.
10
Calculate the remainder when 206393 is divided by 48.
41
What is the remainder when 29634 is divided by 239?
237
Calculate the remainder when 75549 is divided by 16.
13
Calculate the remainder when 128198 is divided by 2849.
2842
Calculate the remainder when 481161 is divided by 481134.
27
What is the remainder when 2196 is divided by 260?
116
Calculate the remainder when 14514 is divided by 230.
24
Calculate the remainder when 77969 is divided by 55.
34
What is the remainder when 6660 is divided by 77?
38
What is the remainder when 23721 is divided by 176?
137
Calculate the remainder when 162409 is divided by 725.
9
What is the remainder when 25029 is divided by 298?
295
What is the remainder when 3551975 is divided by 11?
9
Calculate the remainder when 10303 is divided by 2277.
1195
Calculate the remainder when 723895 is divided by 40.
15
What is the remainder when 52203 is divided by 13043?
31
Calculate the remainder when 5434 is divided by 2716.
2
What is the remainder when 109728 is divided by 54864?
0
Calculate the remainder when 167485 is divided by 16745.
35
What is the remainder when 143044 is divided by 4?
0
What is the remainder when 27935 is divided by 18?
17
What is the remainder when 460 is divided by 151?
7
What is the remainder when 1082 is divided by 203?
67
Calculate the remainder when 16831 is divided by 1873.
1847
What is the remainder when 331599 is divided by 62?
23
Calculate the remainder when 2220 is divided by 1066.
88
Calculate the remainder when 2649 is divided by 1225.
199
What is the remainder when 2057 is divided by 198?
77
What is the remainder when 1452 is divided by 1072?
380
Calculate the remainder when 454069 is divided by 85.
84
What is the remainder when 19454 is divided by 607?
30
Calculate the remainder when 24636 is divided by 154.
150
What is the remainder when 50806 is divided by 2819?
64
Calculate the remainder when 5374107 is divided by 489.
486
What is the remainder when 36092 is divided by 96?
92
Calculate the remainder when 452213 is divided by 79.
17
Calculate the remainder when 48356 is divided by 109.
69
Calculate the remainder when 445628 is divided by 33.
29
What is the remainder when 456149 is divided by 397?
393
What is the remainder when 1311 is divided by 88?
79
Calculate the remainder when 533732 is divided by 189.
185
Calculate the remainder when 14937 is divided by 4907.
216
Calculate the remainder when 1111494 is divided by 494.
488
Calculate the remainder when 5383 is divided by 795.
613
What is the remainder when 1124 is divided by 75?
74
Calculate the remainder when 2357134 is divided by 101.
97
Calculate the remainder when 47617 is divided by 1359.
52
What is the remainder when 9356 is divided by 213?
197
What is the remainder when 5708 is divided by 38?
8
Calculate the remainder when 20096 is divided by 231.
230
Calculate the remainder when 423 is divided by 259.
164
Calculate the remainder when 4487 is divided by 507.
431
What is the remainder when 46294 is divided by 9253?
29
What is the remainder when 1511 is divided by 471?
98
Calculate the remainder when 105407 is divided by 244.
243
What is the remainder when 375 is divided by 372?
3
What is the remainder when 7219 is divided by 7083?
136
What is the remainder when 16982 is divided by 2426?
0
Calculate the remainder when 3119 is divided by 459.
365
Calculate the remainder when 2314 is divided by 54.
46
What is the remainder when 4541 is divided by 88?
53
What is the remainder when 253978 is divided by 110?
98
Calculate the remainder when 157082 is divided by 135.
77
What is the remainder when 119448 is divided by 23888?
8
Calculate the remainder when 14067 is divided by 13.
1
What is the remainder when 40759 is divided by 13571?
46
What is the remainder when 298424 is divided by 69?
68
Calculate the remainder when 2064 is divided by 1028.
8
What is the remainder when 9624 is divided by 1372?
20
What is the remainder when 2284 is divided by 131?
57
What is the remainder when 18948 is divided by 3158?
0
Calculate the remainder when 47388 is divided by 15790.
18
Calculate the remainder when 29229 is divided by 58.
55
Calculate the remainder when 1649179 is divided by 57.
55
What is the remainder when 6944 is divided by 17?
8
Calculate the remainder when 239073 is divided by 5433.
21
What is the remainder when 90941 is divided by 1123?
1101
What is the remainder when 203462 is divided by 8?
6
Calculate the remainder when 29498 is divided by 9827.
17
What is the remainder when 17521 is divided by 2187?
25
Calculate the remainder when 166560 is divided by 3331.
10
What is the remainder when 5795 is divided by 158?
107
What is the remainder when 11828 is divided by 130?
128
Calculate the remainder when 6326 is divided by 567.
89
Calculate the remainder when 475 is divided by 413.
62
What is the remainder when 1392 is divided by 86?
16
Calculate the remainder when 558 is divided by 53.
28
Calculate the remainder when 729 is divided by 317.
95
What is the remainder when 3655 is divided by 324?
91
What is the remainder when 1164539 is divided by 8?
3
Calculate the remainder when 107659 is divided by 114.
43
Calculate the remainder when 18998 is divided by 3757.
213
Calculate the remainder when 70655 is divided by 116.
11
Calculate the remainder when 1221 is divided by 31.
12
What is the remainder when 516056 is divided by 141?
137
Calculate the remainder when 3414 is divided by 32.
22
Calculate the remainder when 195635 is divided by 27947.
6
Calculate the remainder when 122654 is divided by 889.
861
What is the remainder when 23117 is divided by 11547?
23
What is the remainder when 13146 is divided by 4323?
177
What is the remainder when 168445 is divided by 42105?
25
What is the remainder when 1831 is divided by 21?
4
Calculate the remainder when 148856 is divided by 212.
32
What is the remainder when 174 is divided by 10?
4
What is the remainder when 71838 is divided by 4786?
48
What is the remainder when 78948 is divided by 283?
274
Calculate the remainder when 27128 is divided by 13517.
94
What is the remainder when 96788 is divided by 28?
20
Calculate the remainder when 102149 is divided by 150.
149
What is the remainder when 1762 is divided by 1225?
537
Calculate the remainder when 800918 is divided by 107.
23
Calculate the remainder when 206095 is divided by 88.
87
What is the remainder when 247587 is divided by 4?
3
What is the remainder when 29771 is divided by 7437?
23
What is the remainder when 3233 is divided by 204?
173
Calculate the remainder when 2728 is divided by 126.
82
What is the remainder when 4740 is divided by 671?
43
Calculate the remainder when 3747135 is divided by 1819.
1814
What is the remainder when 7708 is divided by 959?
36
What is the remainder when 127525 is divided by 76?
73
Calculate the remainder when 35292 is divided by 67.
50
What is the remainder when 162853 is divided by 5816?
5
What is the remainder when 7198 is divided by 344?
318
